+ 1. Let o be v(-2). Let k = o - -51. Calculate the remainder when 55 is divided by k/2 - (2 - 3).
13
Suppose p - 32 = -10. Calculate the remainder when 43 is divided by ((-11)/p)/(0 + (-1)/10).
3
Suppose 38*x = 12*x + 1014. Calculate the remainder when x is divided by 28.
11
Let c(s) = s + 2. Let q(j) = j**3 + 9*j**2 + 9*j + 10. Let u(x) = 8*x**3. Let d be u(-1). Let r be q(d). Calculate the remainder when 9 is divided by c(r).
1
Let v = 32 - 26. Suppose v*b - 227 = 265. Calculate the remainder when b is divided by 12.
10
Let t = -29 - -53. Let a be 232/2 + t/(-6). Let c = a + -75. What is the remainder when c is divided by 20?
17
Let k = 148 - 135. What is the remainder when 25 is divided by k?
12
Let z(b) = 3*b**3 - 4*b**2 - 4*b + 3. Calculate the remainder when 240 is divided by z(2).
0
Suppose 195 = 5*b - 25. Let o = b - 20. What is the remainder when o is divided by 13?
11
Suppose 0 = -y - 3*y + 12, 2*y + 239 = o. Let i = o + -167. What is the remainder when i is divided by (-6)/(-33) + (-654)/(-33)?
18
What is the remainder when (-1)/4*-332 + 3 is divided by 18?
14
Let i = 79 + -5. Let m = -22 + 22. Suppose -5*a + 8 + 87 = m. What is the remainder when i is divided by a?
17
Let y(u) = 11*u**2 - 73*u + 222. What is the remainder when y(3) is divided by 35?
32
Let u = 27 + -21. Suppose -4*x = -4*s + 72, -u + 44 = 3*s + x. Suppose 0 = -o - 2*o + 78. What is the remainder when o is divided by s?
12
Suppose 3*w + 2*g + 245 = 338, -4*g + 12 = 0. What is the remainder when 3477 is divided by w?
26
Suppose o - 49 = 2*a, o + 3*a = -32 + 86. Calculate the remainder when 608 is divided by o.
47
Let q(d) = -2*d**2 - 37*d + 38. Let g be q(-18). Suppose -g*n + 16 = -52*n. What is the remainder when 22 is divided by n?
2
Let u = 259 - 115. Suppose 4*w = -p - 9 + 66, 2*p = 2*w + u. What is the remainder when p is divided by 20?
9
Suppose 2*v = -5*y + 6*v + 246, 4*y + 4*v - 168 = 0. What is the remainder when y is divided by 4?
2
Let p = -74 + 89. What is the remainder when 119 is divided by p?
14
Let o(l) = -7*l + 1. What is the remainder when 6 + (7 - 11 - -54) is divided by o(-2)?
11
Suppose 26*v = 23*v. Suppose 11*t - 1658 - 300 = v. Calculate the remainder when t is divided by 18.
16
Let g be -3*6/(18/21). Let w = 98 + g. What is the remainder when w is divided by 20?
17
Suppose -2*p + 0*l = -3*l - 10, -l = -p + 5. Suppose -t = c - 29, 2*c + 2*c = -p*t + 148. Suppose 4*z = -t + 92. Calculate the remainder when z is divided by 6.
3
Let k = -5 - -53. What is the remainder when ((-232)/(-10))/(5 - k/10) is divided by 40?
36
Let l be -1 - 0 - (-5 + 4). Suppose -5*f + f = 2*u + 12, l = 3*u - 2*f - 6. Suppose 65 = a - u. Calculate the remainder when a is divided by 22.
21
Let y(r) = 31*r**3 - r**2 + 4*r - 2. Calculate the remainder when 117 is divided by y(1).
21
Suppose -k = -17 - 3. Suppose -f + 26 = 4*w, -k = -3*w - 2*f + 2. What is the remainder when 14 is divided by w?
2
Let t(y) = -y**3 + 7*y**2 - 6*y - 2. Let v be t(5). Suppose -3*b + 12 + v = 0. Calculate the remainder when (2 - 49)/(-1 + 0) is divided by b.
7
Let q(d) = 3*d**2 + 28*d + 60. What is the remainder when 84 is divided by q(-7)?
7
Suppose 5*t - 3*u = 10, 0 = t - u - 0*u. Suppose g = -t*o + 57, -4*o + 9 + 24 = 5*g. Calculate the remainder when 18 is divided by o.
6
Suppose -188 = -2*p - 2*p. Let b(q) = -107*q - 626. What is the remainder when p is divided by b(-6)?
15
Suppose 15*g - 11841 = -486. What is the remainder when g is divided by 38?
35
Let g(a) = a**2 - 8*a - 3. Let d(w) = 10*w**2 + 5*w - 9. Calculate the remainder when d(-3) is divided by g(10).
15
Let d = 512 - 459. What is the remainder when 176 is divided by d?
17
Suppose 4*f - f = 0. Suppose f = 2*a - 4 - 0. Suppose -123 = -a*z - z. Calculate the remainder when z is divided by 15.
11
Let n(r) = 7*r - 10. Let k(o) = -o**2 - 4*o. Let t be k(-3). What is the remainder when 13 is divided by n(t)?
2
Suppose -5*l = -0*l - 25. Let r be (-48)/4*(-8)/6. Suppose -l*u + 214 = -r. Calculate the remainder when u is divided by 12.
10
Let h be -3 + 0 + 4/(12/315). Suppose 5*y + h = 187. What is the remainder when 44 is divided by y?
10
Let h(l) = 2*l**2 + 2*l + 2. Let p be h(4). Let j(i) = i**2 - 10*i + 1. Let d be j(8). Let c = d + p. Calculate the remainder when 105 is divided by c.
24
Suppose 0 = 3*u + 9*y - 4*y - 1797, 2995 = 5*u - 4*y. Calculate the remainder when u is divided by 10.
9
Let m(d) = -11*d + 56. Let t be m(6). What is the remainder when 5 is divided by 4/t - (-185)/25 - 3?
1
Let u(b) = 5*b**2 - 10*b + 29. Let p be u(9). Let y = p - 206. What is the remainder when y is divided by 35?
33
Suppose -3*c + 5*q + 323 = 0, q + 89 = c + 4*q. What is the remainder when 1311 is divided by c?
99
Suppose -128 = -3*t + 718. Suppose -2*c = -5*f + 278, -3*c = -6*f + f + t. Calculate the remainder when f is divided by 19.
16
Suppose j - 2*s - 16 = 0, -3*j - 5*s - 7 = -0*j. Let u(w) = -w + 8. What is the remainder when u(j) is divided by 1?
0
Suppose -2*d + 46 = 4*b, -b + 4*b = 5*d - 63. What is the remainder when 4/(-10) - 1448/(-20) is divided by d?
12
Let n(g) = g + 30. Let i = 1177 + -1154. What is the remainder when i is divided by n(-16)?
9
Suppose 2*t - t - 86 = 0. Suppose 0 = -f - 3*f + 2*l - t, -l = -1. Calculate the remainder when 52 is divided by 4/(-2) - (f - -1).
16
Suppose 106*p - 118*p = -1308. What is the remainder when 2288 is divided by p?
108
Let w(x) = x - 1. Let h be w(2). Let z(l) = -1 - 2 + 2 + 41*l**3 + 2*l. Calculate the remainder when z(h) is divided by 15.
12
Suppose -3*j + 471 + 375 = 3*p, -5*j - 294 = -p. What is the remainder when p is divided by 22?
20
Let c(z) = 6*z**3 - z**2 + z. What is the remainder when 136 is divided by c(2)?
44
Let f(v) = -v**2 + 8*v + 11. Let n be f(9). Suppose 3*c - n*w - 298 = -0*c, -2*c = 3*w - 177. What is the remainder when c is divided by 33?
30
Let i = -23 - -22. Let x be ((-4)/1)/(i/(-28)). What is the remainder when 42 is divided by x/(-7) - (2 + -1)?
12
Calculate the remainder when 78/65*(-520)/(-12) is divided by 27.
25
Suppose 5*a - 6 + 7 = 2*h, -a - 3*h = 7. What is the remainder when 18 is divided by (-2)/12 + (-130)/(-60) - a?
0
Suppose 0 = -3*y - 85 + 505. What is the remainder when y is divided by 21?
14
Let p be 7 - 7 - (0 + 5). Calculate the remainder when 45/18*(-86)/p is divided by 9.
7
Suppose 3*n - 49 = -4*g - 19, 0 = 4*g - n - 38. What is the remainder when g is divided by 3?
0
Let h = -3 + 22. Let a = h - 19. Suppose a*g = -3*g + 3. What is the remainder when 3 is divided by g?
0
Suppose -15*n - 54 = -3*s - 13*n, 5*n - 1 = -s. Let f = 108 - 51. What is the remainder when f is divided by s?
9
Let b be (1/(-2))/(6/(-12)). Let w = -7 + b. What is the remainder when 21 is divided by (1 - 0)*(w - -14)?
5
Let d = 136 - 119. What is the remainder when 81 is divided by d?
13
Let o = -45 + 78. Let r(y) = -26*y + 1. Let v be r(-1). Suppose 3*g - v = -2*g + 4*d, -g + 4*d = 1. Calculate the remainder when o is divided by g.
5
Let z = 7 + 7. Suppose 5*j = 4*k - 50, j = -3*j - 4*k - 76. Let b(g) = -g**3 - 14*g**2 - 5*g - 15. What is the remainder when b(j) is divided by z?
13
Suppose -2*l = v - 40, 3*v + 60 = -3*l + 6*l. Let o be (-1)/(-4) - (-35)/l. Let s = o + 8. What is the remainder when s is divided by 4?
2
Suppose 199*f = 193*f + 270. What is the remainder when f is divided by 20?
5
Let l(j) be the third derivative of j**6/30 - j**5/60 + j**4/24 + j**3/6 - j**2. Let y be l(-1). Calculate the remainder when 11 is divided by ((-2)/y)/(7/70).
3
Let b(w) = w**3 - 14*w**2 - 15*w + 5. Let h = 32 + -17. Let l be b(h). What is the remainder when 40 is divided by -1 - ((-55)/l + -4)?
12
Suppose 2*o + 23*o = 2675. What is the remainder when o is divided by 57?
50
Let f = 32 + -34. Let q = f - -4. Suppose q*y = -0*y + 2, -5*y = -3*z + 7. Calculate the remainder when 9 is divided by z.
1
Let l(o) = -o**3 - 12*o**2 + o - 5. Let f(x) = 3*x**3 + 36*x**2 - 3*x + 15. Let u(v) = -2*f(v) - 7*l(v). What is the remainder when 47 is divided by u(-12)?
13
Suppose -5*p + 2*h = -1, -7 = 5*p + 3*h + 7. What is the remainder when 11 is divided by (-72)/(-27) - p/3?
2
Suppose -106 = -5*m + 2*d + 2*d, -2*m + 3*d + 48 = 0. Calculate the remainder when 231 is divided by m.
15
Let z = 11 - 